{"id":3953,"date":"2021-04-30T15:31:33","date_gmt":"2021-04-30T15:31:33","guid":{"rendered":"https:\/\/lafeminite.vamtam.com\/?page_id=3953"},"modified":"2024-10-28T06:32:08","modified_gmt":"2024-10-28T06:32:08","slug":"avis-legal","status":"publish","type":"page","link":"https:\/\/estherbarniol.com\/comunicat\/avis-legal\/","title":{"rendered":"Av\u00eds legal"},"content":{"rendered":"\t\t<div data-elementor-type=\"wp-page\" data-elementor-id=\"3953\" class=\"elementor elementor-3953\" data-elementor-post-type=\"page\">\n\t\t\t\t\t\t<section class=\"elementor-section elementor-top-section elementor-element elementor-element-e5ce10e elementor-section-boxed elementor-section-height-default elementor-section-height-default\" data-id=\"e5ce10e\" data-element_type=\"section\">\n\t\t\t\t\t\t<div class=\"elementor-container elementor-column-gap-no\">\n\t\t\t\t\t<div class=\"elementor-column elementor-col-100 elementor-top-column elementor-element elementor-element-c9b96ca animated-slow elementor-invisible\" data-id=\"c9b96ca\" data-element_type=\"column\" data-settings=\"{&quot;animation&quot;:&quot;fadeIn&quot;,&quot;animation_delay&quot;:100}\">\n\t\t\t<div class=\"elementor-widget-wrap elementor-element-populated\">\n\t\t\t\t\t\t\t<\/div>\n\t\t<\/div>\n\t\t\t\t\t<\/div>\n\t\t<\/section>\n\t\t\t\t<section class=\"elementor-section elementor-top-section elementor-element elementor-element-84627bd elementor-section-boxed elementor-section-height-default elementor-section-height-default\" data-id=\"84627bd\" data-element_type=\"section\">\n\t\t\t\t\t\t<div class=\"elementor-container elementor-column-gap-no\">\n\t\t\t\t\t<div class=\"elementor-column elementor-col-100 elementor-top-column elementor-element elementor-element-0c243ef\" data-id=\"0c243ef\" data-element_type=\"column\">\n\t\t\t<div class=\"elementor-widget-wrap elementor-element-populated\">\n\t\t\t\t\t\t<div class=\"elementor-element elementor-element-09d7009 elementor-widget elementor-widget-text-editor\" data-id=\"09d7009\" data-element_type=\"widget\" data-widget_type=\"text-editor.default\">\n\t\t\t\t<div class=\"elementor-widget-container\">\n\t\t\t\t\t\t\t<p><strong>Dades identificatives<\/strong><\/p><p>En compliment del deure d\u2019informaci\u00f3 recollit en l\u2019article 10 de la Llei 34\/2002, de 11 de juliol, de Serveis de la Societat d\u2019informaci\u00f3 i del Comer\u00e7 electr\u00f2nic, a continuaci\u00f3 s\u2019exposen les seg\u00fcents dades: ESTHER BARNIOL CANALS (en endavant el \u201cPrestador\u201d), amb N.I.F. 77737105A, i domicili a efectes de notificacions a la carretera d\u2019Olvan s\/n, Olvan, 08611 Barcelona, Espanya, \u00e9s la titular del portal web www.estherbarniol.com (en endavant \u201cel portal\u201d), amb la seg\u00fcent direcci\u00f3 de contacte: estherbarniol@estherbarniol.com.<\/p><p><strong>Usuaris<\/strong><\/p><p>La utilitzaci\u00f3 del present portal web \u00e9s absolutament volunt\u00e0ria i implica la acceptaci\u00f3 plena per qui accedeix al mateix (en endavant \u201cl\u2019Usuari\u201d), de totes les condiciones d\u2019\u00fas vigents en cada moment que es localitzin a la present direcci\u00f3 web. D\u2019aquesta forma, l\u2019Usuari tindr\u00e0 la responsabilitat de llegir atentament aquestes condiciones i acceptar-les sense cap tipus de reserva amb anterioritat a la realitzaci\u00f3 de qualsevol operaci\u00f3, visionat, utilitzaci\u00f3, \u2026etc. El prestador es reserva el dret de retirar l\u2019acc\u00e9s al present lloc web sense necessitat de previ av\u00eds, a qualsevol Usuari que actu\u00ef de forma contraria al present Av\u00eds Legal.<\/p><p><strong>\u00das del portal web<\/strong><\/p><p>www.estherbarniol.com proporciona acc\u00e9s a varietat d\u2019informaci\u00f3, serveis, programes o dades (en endavant \u201cels continguts\u201d) que s\u00f3n propietat del Prestador. L\u2019Usuari assumeix la responsabilitat de l\u2019\u00fas del portal web. L\u2019Usuari es compromet a realitzar un \u00fas adequat dels continguts i serveis oferts en el present espai web i amb car\u00e0cter enunciatiu i no limitatiu, a no utilitzar-los per: (i) incorre en activitats il\u00b7l\u00edcites, il\u00b7legals o contraries a la bona fe i orde p\u00fablic; (ii) divulgar continguts o propaganda de car\u00e0cter racista, d\u2019apologia al terrorisme o contrari als drets humans; (iii) intentar accedir, i en el seu cas, utilitzar comptes de correu electr\u00f2nic d\u2019altres usuaris i modificar o manipular els seus missatges. El Prestador es reserva el dret de retirar tots aquells comentaris i aportacions que consideri que vulneren el respecte a la dignitat de la persona, que siguin discriminatoris, racistes, que vagin en contra la joventut o la inf\u00e0ncia, l\u2019ordre o la seguretat p\u00fablica o que sota el seu criteri, no resultin adequats per a la seva publicaci\u00f3.<\/p><p><strong>Pol\u00edtica de privacitat<\/strong><\/p><p>El Prestador compleix amb el contingut en mat\u00e8ria de protecci\u00f3 de dades, concretament en atenci\u00f3 al Reglament (UE) 2016\/679 de 27 d\u2019abril de 2016 (RGPD), relatiu a la protecci\u00f3 de persones f\u00edsiques en atenci\u00f3 al tractament de dades personals i la lliure circulaci\u00f3 de dades. Per a m\u00e9s informaci\u00f3, veure la Pol\u00edtica de Privacitat.<\/p><p><strong>Propietat intel.lectual i industrial<\/strong><\/p><p>Els continguts del present portal web, incloent imatges, el domini web, articles, entre d\u2019altres, s\u00f3n propietat del Prestador i estan protegits en atenci\u00f3 als articles 8 i 32.1 de la Llei de Propietat Intel\u00b7lectual. En aquest sentit, queda expressament prohibit per part del Usuari copiar, reproduir, vendre, transmetre, distribuir, modificar o mostrar per a \u00fas comercial els continguts sense expr\u00e9s consentiment per part del seu titular, el Prestador. L\u2019Usuari es compromet a respectar els drets de Propietat Intel\u00b7lectual i Industrial del Prestador. L\u2019Usuari podr\u00e0 visualitzar els continguts del present portal web, imprimir-los, copiar-los i emmagatzemar-los en el seu propi disc dur o en qualsevol altre suport f\u00edsic sempre i quan sigui \u00fanica i exclusivament per a realitzar un \u00fas personal i privat.<\/p><p><strong>Exclusi\u00f3 de garanties i responsabilitats<\/strong><\/p><p>El Prestador no es fa responsable en cap moment, dels danys i perjudicis que de qualsevol naturalesa es puguin ocasionar (errors, omissions en el continguts, falta de disponibilitat en el portal, transmissi\u00f3 de virus, \u2026) independent de prendre quantes accions es considerin oportunes per evitar-los. Els continguts del present portal web s\u2019ofereixen amb una finalitat informativa, educativa i divulgativa. No constitueixen ni substitueixen un assessorament professional, de forma que el Prestador s\u2019eximeix de qualsevol responsabilitat directa o indirecta, que pugui derivar-se del \u00fas o aplicaci\u00f3 de la informaci\u00f3 continguda en el present portal web fora dels seus prop\u00f2sits.<\/p><p><strong>Cookies<\/strong><\/p><p>El portal web del prestador utilitza cookies (petits arxius d\u2019informaci\u00f3 que el servidor envia a l\u2019ordinador per accedir a la p\u00e0gina) per dur a terme funcions que s\u00f3n considerades imprescindibles per al correcte funcionament i visualitzaci\u00f3 del portal. Per a m\u00e9s informaci\u00f3, veure Pol\u00edtica de Cookies.<\/p><p><strong>Modificacions<\/strong><\/p><p>El Prestador es reserva el dret d\u2019efectuar sense previ av\u00eds les modificacions al present portal web que consideri oportunes.<br \/>9. ENLLA\u00c7OS: En cap cas el Prestador es far\u00e0 responsable pel contingut de qualsevol enlla\u00e7 que provingui d\u2019altres portals web, ni garanteix la disponibilitat t\u00e8cnica, qualitat o fiabilitat del material o contingut d\u2019aquest portal web.<\/p><p><strong>Dret d\u2019exclusi\u00f3<\/strong><\/p><p>El Prestador es reserva el dret de denegar o retirar l\u2019acc\u00e9s al portal web i els serveis oferts sense necessitat de previ av\u00eds, a inst\u00e0ncia pr\u00f2pia o a petici\u00f3 d\u2019un tercer, a aquells usuaris que incompleixin el present Av\u00eds Legal.<\/p><p><strong>Incompliments<\/strong><\/p><p>El Prestador perseguir\u00e0 el incompliment del present Av\u00eds Legal aix\u00ed com qualsevol utilitzaci\u00f3 indeguda del present portal exercitant quantes accions civils o penals siguin necess\u00e0ries.<\/p><p><strong>Modificaci\u00f3 de les presents condicions i duraci\u00f3<\/strong><\/p><p>El Prestador podr\u00e0 modificar el qualsevol moment el present Av\u00eds Legal. La vig\u00e8ncia de les presents condicions actuar\u00e0 en funci\u00f3 de la seva exposici\u00f3 i estar\u00e0 vigent fins que siguin modificades per altres degudament publicades pel Prestador.<\/p><p><strong>Legislaci\u00f3 aplicable<\/strong><\/p><p>La relaci\u00f3 entre el Prestador i l\u2019Usuari es regir\u00e0 per la normativa espanyola vigent i qualsevol controv\u00e8rsia ser\u00e0 sotmesa expressament al Jutjats i Tribunals de la ciutat de Barcelona.<\/p>\t\t\t\t\t\t<\/div>\n\t\t\t\t<\/div>\n\t\t\t\t\t<\/div>\n\t\t<\/div>\n\t\t\t\t\t<\/div>\n\t\t<\/section>\n\t\t\t\t<\/div>\n\t\t","protected":false},"excerpt":{"rendered":"<p>Dades identificatives En compliment del deure d\u2019informaci\u00f3 recollit en l\u2019article 10 de la Llei 34\/2002, de 11 de juliol, de Serveis de la Societat d\u2019informaci\u00f3 i del Comer\u00e7 electr\u00f2nic, a continuaci\u00f3 s\u2019exposen les seg\u00fcents dades: ESTHER BARNIOL CANALS (en endavant el \u201cPrestador\u201d), amb N.I.F. 77737105A, i domicili a efectes de notificacions a la carretera d\u2019Olvan&#8230;<\/p>\n","protected":false},"author":1,"featured_media":987654,"parent":0,"menu_order":0,"comment_status":"closed","ping_status":"closed","template":"","meta":{"footnotes":""},"class_list":["post-3953","page","type-page","status-publish","has-post-thumbnail","hentry"],"_links":{"self":[{"href":"https:\/\/estherbarniol.com\/comunicat\/wp-json\/wp\/v2\/pages\/3953","targetHints":{"allow":["GET"]}}],"collection":[{"href":"https:\/\/estherbarniol.com\/comunicat\/wp-json\/wp\/v2\/pages"}],"about":[{"href":"https:\/\/estherbarniol.com\/comunicat\/wp-json\/wp\/v2\/types\/page"}],"author":[{"embeddable":true,"href":"https:\/\/estherbarniol.com\/comunicat\/wp-json\/wp\/v2\/users\/1"}],"replies":[{"embeddable":true,"href":"https:\/\/estherbarniol.com\/comunicat\/wp-json\/wp\/v2\/comments?post=3953"}],"version-history":[{"count":7,"href":"https:\/\/estherbarniol.com\/comunicat\/wp-json\/wp\/v2\/pages\/3953\/revisions"}],"predecessor-version":[{"id":988655,"href":"https:\/\/estherbarniol.com\/comunicat\/wp-json\/wp\/v2\/pages\/3953\/revisions\/988655"}],"wp:featuredmedia":[{"embeddable":true,"href":"https:\/\/estherbarniol.com\/comunicat\/wp-json\/wp\/v2\/media\/987654"}],"wp:attachment":[{"href":"https:\/\/estherbarniol.com\/comunicat\/wp-json\/wp\/v2\/media?parent=3953"}],"curies":[{"name":"wp","href":"https:\/\/api.w.org\/{rel}","templated":true}]}}

Avís legal

<div data-elementor-type="wp-page" data-elementor-id="3953" class="elementor elementor-3953" data-elementor-post-type="page">
						<section class="elementor-section elementor-top-section elementor-element elementor-element-e5ce10e elementor-section-boxed elementor-section-height-default elementor-section-height-default" data-id="e5ce10e" data-element_type="section">
						<div class="elementor-container elementor-column-gap-no">
					<div class="elementor-column elementor-col-100 elementor-top-column elementor-element elementor-element-c9b96ca animated-slow elementor-invisible" data-id="c9b96ca" data-element_type="column" data-settings="{&quot;animation&quot;:&quot;fadeIn&quot;,&quot;animation_delay&quot;:100}">
			<div class="elementor-widget-wrap elementor-element-populated">
							</div>
		</div>
					</div>
		</section>
				<section class="elementor-section elementor-top-section elementor-element elementor-element-84627bd elementor-section-boxed elementor-section-height-default elementor-section-height-default" data-id="84627bd" data-element_type="section">
						<div class="elementor-container elementor-column-gap-no">
					<div class="elementor-column elementor-col-100 elementor-top-column elementor-element elementor-element-0c243ef" data-id="0c243ef" data-element_type="column">
			<div class="elementor-widget-wrap elementor-element-populated">
						<div class="elementor-element elementor-element-09d7009 elementor-widget elementor-widget-text-editor" data-id="09d7009" data-element_type="widget" data-widget_type="text-editor.default">
				<div class="elementor-widget-container">
							<p><strong>Dades identificatives</strong></p><p>En compliment del deure d’informació recollit en l’article 10 de la Llei 34/2002, de 11 de juliol, de Serveis de la Societat d’informació i del Comerç electrònic, a continuació s’exposen les següents dades: ESTHER BARNIOL CANALS (en endavant el “Prestador”), amb N.I.F. 77737105A, i domicili a efectes de notificacions a la carretera d’Olvan s/n, Olvan, 08611 Barcelona, Espanya, és la titular del portal web www.estherbarniol.com (en endavant “el portal”), amb la següent direcció de contacte: estherbarniol@estherbarniol.com.</p><p><strong>Usuaris</strong></p><p>La utilització del present portal web és absolutament voluntària i implica la acceptació plena per qui accedeix al mateix (en endavant “l’Usuari”), de totes les condiciones d’ús vigents en cada moment que es localitzin a la present direcció web. D’aquesta forma, l’Usuari tindrà la responsabilitat de llegir atentament aquestes condiciones i acceptar-les sense cap tipus de reserva amb anterioritat a la realització de qualsevol operació, visionat, utilització, …etc. El prestador es reserva el dret de retirar l’accés al present lloc web sense necessitat de previ avís, a qualsevol Usuari que actuï de forma contraria al present Avís Legal.</p><p><strong>Ús del portal web</strong></p><p>www.estherbarniol.com proporciona accés a varietat d’informació, serveis, programes o dades (en endavant “els continguts”) que són propietat del Prestador. L’Usuari assumeix la responsabilitat de l’ús del portal web. L’Usuari es compromet a realitzar un ús adequat dels continguts i serveis oferts en el present espai web i amb caràcter enunciatiu i no limitatiu, a no utilitzar-los per: (i) incorre en activitats il·lícites, il·legals o contraries a la bona fe i orde públic; (ii) divulgar continguts o propaganda de caràcter racista, d’apologia al terrorisme o contrari als drets humans; (iii) intentar accedir, i en el seu cas, utilitzar comptes de correu electrònic d’altres usuaris i modificar o manipular els seus missatges. El Prestador es reserva el dret de retirar tots aquells comentaris i aportacions que consideri que vulneren el respecte a la dignitat de la persona, que siguin discriminatoris, racistes, que vagin en contra la joventut o la infància, l’ordre o la seguretat pública o que sota el seu criteri, no resultin adequats per a la seva publicació.</p><p><strong>Política de privacitat</strong></p><p>El Prestador compleix amb el contingut en matèria de protecció de dades, concretament en atenció al Reglament (UE) 2016/679 de 27 d’abril de 2016 (RGPD), relatiu a la protecció de persones físiques en atenció al tractament de dades personals i la lliure circulació de dades. Per a més informació, veure la Política de Privacitat.</p><p><strong>Propietat intel.lectual i industrial</strong></p><p>Els continguts del present portal web, incloent imatges, el domini web, articles, entre d’altres, són propietat del Prestador i estan protegits en atenció als articles 8 i 32.1 de la Llei de Propietat Intel·lectual. En aquest sentit, queda expressament prohibit per part del Usuari copiar, reproduir, vendre, transmetre, distribuir, modificar o mostrar per a ús comercial els continguts sense exprés consentiment per part del seu titular, el Prestador. L’Usuari es compromet a respectar els drets de Propietat Intel·lectual i Industrial del Prestador. L’Usuari podrà visualitzar els continguts del present portal web, imprimir-los, copiar-los i emmagatzemar-los en el seu propi disc dur o en qualsevol altre suport físic sempre i quan sigui única i exclusivament per a realitzar un ús personal i privat.</p><p><strong>Exclusió de garanties i responsabilitats</strong></p><p>El Prestador no es fa responsable en cap moment, dels danys i perjudicis que de qualsevol naturalesa es puguin ocasionar (errors, omissions en el continguts, falta de disponibilitat en el portal, transmissió de virus, …) independent de prendre quantes accions es considerin oportunes per evitar-los. Els continguts del present portal web s’ofereixen amb una finalitat informativa, educativa i divulgativa. No constitueixen ni substitueixen un assessorament professional, de forma que el Prestador s’eximeix de qualsevol responsabilitat directa o indirecta, que pugui derivar-se del ús o aplicació de la informació continguda en el present portal web fora dels seus propòsits.</p><p><strong>Cookies</strong></p><p>El portal web del prestador utilitza cookies (petits arxius d’informació que el servidor envia a l’ordinador per accedir a la pàgina) per dur a terme funcions que són considerades imprescindibles per al correcte funcionament i visualització del portal. Per a més informació, veure Política de Cookies.</p><p><strong>Modificacions</strong></p><p>El Prestador es reserva el dret d’efectuar sense previ avís les modificacions al present portal web que consideri oportunes.<br />9. ENLLAÇOS: En cap cas el Prestador es farà responsable pel contingut de qualsevol enllaç que provingui d’altres portals web, ni garanteix la disponibilitat tècnica, qualitat o fiabilitat del material o contingut d’aquest portal web.</p><p><strong>Dret d’exclusió</strong></p><p>El Prestador es reserva el dret de denegar o retirar l’accés al portal web i els serveis oferts sense necessitat de previ avís, a instància pròpia o a petició d’un tercer, a aquells usuaris que incompleixin el present Avís Legal.</p><p><strong>Incompliments</strong></p><p>El Prestador perseguirà el incompliment del present Avís Legal així com qualsevol utilització indeguda del present portal exercitant quantes accions civils o penals siguin necessàries.</p><p><strong>Modificació de les presents condicions i duració</strong></p><p>El Prestador podrà modificar el qualsevol moment el present Avís Legal. La vigència de les presents condicions actuarà en funció de la seva exposició i estarà vigent fins que siguin modificades per altres degudament publicades pel Prestador.</p><p><strong>Legislació aplicable</strong></p><p>La relació entre el Prestador i l’Usuari es regirà per la normativa espanyola vigent i qualsevol controvèrsia serà sotmesa expressament al Jutjats i Tribunals de la ciutat de Barcelona.</p>						</div>
				</div>
					</div>
		</div>
					</div>
		</section>
				</div>

<p>Dades identificatives En compliment del deure d’informació recollit en l’article 10 de la Llei 34/2002, de 11 de juliol, de Serveis de la Societat d’informació i del Comerç electrònic, a continuació s’exposen les següents dades: ESTHER BARNIOL CANALS (en endavant el “Prestador”), amb N.I.F. 77737105A, i domicili a efectes de notificacions a la carretera d’Olvan&#8230;</p>
